{"id":1108,"date":"2025-10-14T23:22:20","date_gmt":"2025-10-14T21:22:20","guid":{"rendered":"https:\/\/lacarapace.com\/?page_id=1108"},"modified":"2025-10-14T23:25:09","modified_gmt":"2025-10-14T21:25:09","slug":"como-podemos-apoyar-a-la-carapace","status":"publish","type":"page","link":"https:\/\/lacarapace.com\/?page_id=1108&lang=es","title":{"rendered":"\u00bfC\u00f3mo podemos apoyar a La Carapace?"},"content":{"rendered":"\n<p>\u00a1Compraremos este lugar juntos! La idea es aprovechar al m\u00e1ximo nuestras redes y comprar a la mayor cantidad de personas posible para que alg\u00fan d\u00eda podamos repetir esta experiencia en otro lugar.<\/p>\n\n\n\n<p>Deseamos y esperamos recibir esta cantidad.<\/p>\n\n\n\n<p>Mediante una donaci\u00f3n de 20 a 20.000 \u20ac, deducible de impuestos al 66 %, o mediante una donaci\u00f3n recurrente, tambi\u00e9n deducible de impuestos al 66 %.<\/p>\n\n\n\n<p>Su apoyo financiero contribuir\u00e1 a la realizaci\u00f3n de este proyecto. Mantendremos informados a los donantes sobre nuestros esfuerzos y, si no alcanzamos nuestra meta, se les devolver\u00e1n todas las donaciones. <\/p>\n\n\n\n<p>Puede solicitar un comprobante fiscal para todas las donaciones. <\/p>\n\n\n\n<p>Puede acceder directamente a la p\u00e1gina de helloasso: https:\/\/www.helloasso.com\/associations\/la-carapace-de-bellenaves\/collectes\/carapace-collecte\/ <\/p>\n\n\n\n<p>o completar el siguiente formulario:<\/p>\n\n\n\n<div class=\"wp-block-brad-border-box\">\t\t\t<iframe\n\t\t\t\tid=\"idIframe\"\n\t\t\t\tsrc=\"https:\/\/www.helloasso.com\/associations\/la-carapace-de-bellenaves\/collectes\/carapace-collecte\/widget\"\n\t\t\t\theight=450px\"\t\t\t\twidth=100%\"\t\t\t\tframeborder=\"0\"\n\t\t\t\tloading=\"lazy\"\n\t\t\t\tallowtransparency=\"true\"\n\t\t\t\tonload=\"resizeIframeMessage()\"><\/iframe>\n<\/div>\n\n\n\n<p><\/p>\n\n\n\n<p>Contactos\u00a0: <a href=\"mailto:carapace.prop@gmail.com\">carapace.prop@gmail.com<\/a><\/p>\n\n\n\n<p>Puedes hacer una donaci\u00f3n directamente al IBAN de la asociaci\u00f3n:<\/p>\n\n\n\n<pre class=\"wp-block-preformatted\">IBAN: FR76 1027 8116 2700 0203 9720 140\nBIC: CMCIFR2A<\/pre>\n\n\n\n<blockquote class=\"wp-block-quote is-layout-flow wp-block-quote-is-layout-flow\">\n<p>\u201cLos bienes inmuebles no se pueden perder, robar ni llevarse. Gestionados con cuidado, son la fuente de seguridad m\u00e1s segura del mundo.\u201d<\/p>\n<\/blockquote>\n\n\n\n<hr class=\"wp-block-separator has-alpha-channel-opacity\"\/>\n\n\n\n<p>Tambi\u00e9n aceptamos donaciones en criptomonedas, directamente a la direcci\u00f3n de bitcoin:<\/p>\n\n\n\n<div class=\"wp-block-group is-nowrap is-layout-flex wp-container-core-group-is-layout-6c531013 wp-block-group-is-layout-flex\">\n<figure class=\"wp-block-image size-large is-resized\"><img loading=\"lazy\" decoding=\"async\" width=\"760\" height=\"1024\" src=\"http:\/\/lacarapace.com\/wp-content\/uploads\/2025\/08\/toppng.com-bitcoin-text-logo-minimalist-900x1213-1-760x1024.png\" alt=\"\" class=\"wp-image-1017\" style=\"width:57px;height:auto\" srcset=\"https:\/\/lacarapace.com\/wp-content\/uploads\/2025\/08\/toppng.com-bitcoin-text-logo-minimalist-900x1213-1-760x1024.png 760w, https:\/\/lacarapace.com\/wp-content\/uploads\/2025\/08\/toppng.com-bitcoin-text-logo-minimalist-900x1213-1-223x300.png 223w, https:\/\/lacarapace.com\/wp-content\/uploads\/2025\/08\/toppng.com-bitcoin-text-logo-minimalist-900x1213-1-768x1035.png 768w, https:\/\/lacarapace.com\/wp-content\/uploads\/2025\/08\/toppng.com-bitcoin-text-logo-minimalist-900x1213-1.png 900w\" sizes=\"auto, (max-width: 760px) 100vw, 760px\" \/><\/figure>\n\n\n\n<p>bc1qlxrgtsa0pa4cdrz5axvf74wpsgyetsu44psv38<\/p>\n<\/div>\n\n\n\n<p><em>Las donaciones en criptomonedas no pueden emitirse con un recibo fiscal.<\/em><\/p>\n","protected":false},"excerpt":{"rendered":"<p>\u00a1Compraremos este lugar juntos! La idea es aprovechar al m\u00e1ximo nuestras redes y comprar a la mayor cantidad de personas posible para que alg\u00fan d\u00eda podamos repetir esta experiencia en otro lugar. Deseamos y esperamos recibir esta cantidad. Mediante una donaci\u00f3n de 20 a 20.000 \u20ac, deducible de impuestos al 66 %, o mediante una [&hellip;]<\/p>\n","protected":false},"author":1,"featured_media":0,"parent":0,"menu_order":0,"comment_status":"closed","ping_status":"closed","template":"","meta":{"footnotes":""},"class_list":["post-1108","page","type-page","status-publish","hentry"],"_links":{"self":[{"href":"https:\/\/lacarapace.com\/index.php?rest_route=\/wp\/v2\/pages\/1108","targetHints":{"allow":["GET"]}}],"collection":[{"href":"https:\/\/lacarapace.com\/index.php?rest_route=\/wp\/v2\/pages"}],"about":[{"href":"https:\/\/lacarapace.com\/index.php?rest_route=\/wp\/v2\/types\/page"}],"author":[{"embeddable":true,"href":"https:\/\/lacarapace.com\/index.php?rest_route=\/wp\/v2\/users\/1"}],"replies":[{"embeddable":true,"href":"https:\/\/lacarapace.com\/index.php?rest_route=%2Fwp%2Fv2%2Fcomments&post=1108"}],"version-history":[{"count":2,"href":"https:\/\/lacarapace.com\/index.php?rest_route=\/wp\/v2\/pages\/1108\/revisions"}],"predecessor-version":[{"id":1113,"href":"https:\/\/lacarapace.com\/index.php?rest_route=\/wp\/v2\/pages\/1108\/revisions\/1113"}],"wp:attachment":[{"href":"https:\/\/lacarapace.com\/index.php?rest_route=%2Fwp%2Fv2%2Fmedia&parent=1108"}],"curies":[{"name":"wp","href":"https:\/\/api.w.org\/{rel}","templated":true}]}}