{"id":1104,"date":"2025-10-14T23:21:57","date_gmt":"2025-10-14T21:21:57","guid":{"rendered":"https:\/\/lacarapace.com\/?page_id=1104"},"modified":"2025-10-14T23:21:57","modified_gmt":"2025-10-14T21:21:57","slug":"que-vamos-a-hacer-con-este-caparazon","status":"publish","type":"page","link":"https:\/\/lacarapace.com\/?page_id=1104&lang=es","title":{"rendered":"\u00bfQu\u00e9 vamos a hacer con este caparaz\u00f3n?"},"content":{"rendered":"\n<p>Imaginamos el Caparaz\u00f3n como un lugar de habitaci\u00f3n colectivo y protector.<\/p>\n\n\n\n<p>Ante la violencia de nuestro mundo, muchos nos vemos rezagados por el desarrollo econ\u00f3mico y la gentrificaci\u00f3n. Somos conscientes de que incluso en nuestra regi\u00f3n, una zona de escasez en servicios m\u00e9dicos, servicios p\u00fablicos, estancias temporales, y con dificultades de transporte p\u00fablico, no es inmune al aumento desbordado de los alquileres y los precios inmobiliarios. Sabemos, por supuesto, que no somos iguales en cuanto al acceso a la propiedad y al alquiler. Imaginamos el Caparaz\u00f3n como un lugar para existir, vivir y descansar. Dise\u00f1amos viviendas sin fines de lucro para estancias temporales, de larga y corta duraci\u00f3n, donde puedan convivir nuestrxs amigxs, compa\u00f1erxs de clase y familias que necesitan un lugar donde quedarse una noche, una semana, un mes o un a\u00f1o.<\/p>\n\n\n\n<p>Concebimos La Carapace como una extensi\u00f3n de nuestras experiencias actuales, as\u00ed como un lugar para futuros deseables, construido sobre una base clara de resistencia a toda forma de dominaci\u00f3n y discriminaci\u00f3n. En el sombr\u00edo contexto actual, nos parece esencial unirnos, auto-organizarnos y construir proyectos a largo plazo.<\/p>\n\n\n\n<p>El sitio adoptar\u00e1 la forma jur\u00eddica de propiedad colectiva y com\u00fan para garantizar su viabilidad a largo plazo y liberarlo del r\u00e9gimen de propiedad privada y del mercado inmobiliario.<\/p>\n\n\n\n<p>Por ahora, la forma de propiedad colectiva elegida para Carapace es una asociaci\u00f3n de propietarios junto&nbsp; con una asociaci\u00f3n de usuarios. Esta asociaci\u00f3n garantiza el uso adecuado del sitio y, mediante sus estatutos y su funcionamiento afiliado, evita la concentraci\u00f3n de poderes de decisi\u00f3n. Otras asociaciones existentes se unir\u00e1n a Carapace en busca de apoyo o para sus propios proyectos.<\/p>\n","protected":false},"excerpt":{"rendered":"<p>Imaginamos el Caparaz\u00f3n como un lugar de habitaci\u00f3n colectivo y protector. Ante la violencia de nuestro mundo, muchos nos vemos rezagados por el desarrollo econ\u00f3mico y la gentrificaci\u00f3n. Somos conscientes de que incluso en nuestra regi\u00f3n, una zona de escasez en servicios m\u00e9dicos, servicios p\u00fablicos, estancias temporales, y con dificultades de transporte p\u00fablico, no es [&hellip;]<\/p>\n","protected":false},"author":1,"featured_media":0,"parent":0,"menu_order":0,"comment_status":"closed","ping_status":"closed","template":"","meta":{"footnotes":""},"class_list":["post-1104","page","type-page","status-publish","hentry"],"_links":{"self":[{"href":"https:\/\/lacarapace.com\/index.php?rest_route=\/wp\/v2\/pages\/1104","targetHints":{"allow":["GET"]}}],"collection":[{"href":"https:\/\/lacarapace.com\/index.php?rest_route=\/wp\/v2\/pages"}],"about":[{"href":"https:\/\/lacarapace.com\/index.php?rest_route=\/wp\/v2\/types\/page"}],"author":[{"embeddable":true,"href":"https:\/\/lacarapace.com\/index.php?rest_route=\/wp\/v2\/users\/1"}],"replies":[{"embeddable":true,"href":"https:\/\/lacarapace.com\/index.php?rest_route=%2Fwp%2Fv2%2Fcomments&post=1104"}],"version-history":[{"count":1,"href":"https:\/\/lacarapace.com\/index.php?rest_route=\/wp\/v2\/pages\/1104\/revisions"}],"predecessor-version":[{"id":1107,"href":"https:\/\/lacarapace.com\/index.php?rest_route=\/wp\/v2\/pages\/1104\/revisions\/1107"}],"wp:attachment":[{"href":"https:\/\/lacarapace.com\/index.php?rest_route=%2Fwp%2Fv2%2Fmedia&parent=1104"}],"curies":[{"name":"wp","href":"https:\/\/api.w.org\/{rel}","templated":true}]}}