{"id":1100,"date":"2025-10-14T23:20:56","date_gmt":"2025-10-14T21:20:56","guid":{"rendered":"https:\/\/lacarapace.com\/?page_id=1100"},"modified":"2025-10-27T19:18:55","modified_gmt":"2025-10-27T18:18:55","slug":"pero-quien-esta-detras-de-este-caparazon","status":"publish","type":"page","link":"https:\/\/lacarapace.com\/?page_id=1100&lang=es","title":{"rendered":"\u00bfPero qui\u00e9n est\u00e1 detr\u00e1s de este Caparaz\u00f3n?"},"content":{"rendered":"\n<p>El grupo que impulsa el proyecto est\u00e1 formado por personas de diversos or\u00edgenes y realidades de vida, que comparten los valores de el apoyo mutuo, el mutualismo y la auto-organizaci\u00f3n.<\/p>\n\n\n\n<p>Algunos de nosotros participamos activamente en asociaciones locales, mientras que otros simplemente queremos participar en una din\u00e1mica de apoyo mutua y hacer cosas juntos.<\/p>\n\n\n\n<p>Tambi\u00e9n encontramos personas que participan en Le Bon Plan (una tienda de comestibles autogestionada en Bellenaves). Otros participan activamente en la emisora \u200b\u200bde Radio local Coquelicot en Ebreuil, en la sala de m\u00fasica autogestionada de Chantelle, en el caf\u00e9 comunitario Babayaga en Chantelle, otros participan activamente en los diversos sindicatos de empleados de Vichy, otros participan en deportes de base en la FSGT (F\u00e9d\u00e9ration Sportive Gymnique du Travail), y otros trabajan en diversos centros de alojamiento de emergencia y temporales en el sur de Allier. La mayor\u00eda de nosotros vivimos a menos de 20 kil\u00f3metros de Bellenaves, pero participamos en otros proyectos colectivos, como Lokara en Mazerier (03).<\/p>\n","protected":false},"excerpt":{"rendered":"<p>El grupo que impulsa el proyecto est\u00e1 formado por personas de diversos or\u00edgenes y realidades de vida, que comparten los valores de el apoyo mutuo, el mutualismo y la auto-organizaci\u00f3n. Algunos de nosotros participamos activamente en asociaciones locales, mientras que otros simplemente queremos participar en una din\u00e1mica de apoyo mutua y hacer cosas juntos. Tambi\u00e9n [&hellip;]<\/p>\n","protected":false},"author":1,"featured_media":0,"parent":0,"menu_order":0,"comment_status":"closed","ping_status":"closed","template":"","meta":{"footnotes":""},"class_list":["post-1100","page","type-page","status-publish","hentry"],"_links":{"self":[{"href":"https:\/\/lacarapace.com\/index.php?rest_route=\/wp\/v2\/pages\/1100","targetHints":{"allow":["GET"]}}],"collection":[{"href":"https:\/\/lacarapace.com\/index.php?rest_route=\/wp\/v2\/pages"}],"about":[{"href":"https:\/\/lacarapace.com\/index.php?rest_route=\/wp\/v2\/types\/page"}],"author":[{"embeddable":true,"href":"https:\/\/lacarapace.com\/index.php?rest_route=\/wp\/v2\/users\/1"}],"replies":[{"embeddable":true,"href":"https:\/\/lacarapace.com\/index.php?rest_route=%2Fwp%2Fv2%2Fcomments&post=1100"}],"version-history":[{"count":2,"href":"https:\/\/lacarapace.com\/index.php?rest_route=\/wp\/v2\/pages\/1100\/revisions"}],"predecessor-version":[{"id":1141,"href":"https:\/\/lacarapace.com\/index.php?rest_route=\/wp\/v2\/pages\/1100\/revisions\/1141"}],"wp:attachment":[{"href":"https:\/\/lacarapace.com\/index.php?rest_route=%2Fwp%2Fv2%2Fmedia&parent=1100"}],"curies":[{"name":"wp","href":"https:\/\/api.w.org\/{rel}","templated":true}]}}