{"id":1096,"date":"2025-10-14T23:20:06","date_gmt":"2025-10-14T21:20:06","guid":{"rendered":"https:\/\/lacarapace.com\/?page_id=1096"},"modified":"2025-10-14T23:49:30","modified_gmt":"2025-10-14T21:49:30","slug":"donde-esta","status":"publish","type":"page","link":"https:\/\/lacarapace.com\/?page_id=1096&lang=es","title":{"rendered":"\u00bfD\u00f3nde est\u00e1?"},"content":{"rendered":"\n<p>La Carapace se encuentra en Bellenaves (03140), al sureste del departament de Allier, una magn\u00edfica ciudad de 1000 habitantes, situada en la l\u00ednea ferroviaria Montlu\u00e7on-Clermont-Ferrand.<\/p>\n\n\n\n<p>Y s\u00ed&#8230; aunque tardaremos unos 20 minutos a pie, como la estaci\u00f3n de tren de Bellenaves no est\u00e1 en el centro, \u00a1podemos llegar a La Carapace en tren!<\/p>\n\n\n\n<p>Bellenaves cuenta con todas las tiendas y servicios necesarios.<\/p>\n\n\n\n<figure class=\"wp-block-image size-full\" id=\"block-88848f2a-b3aa-4611-a985-dca1ad3ccdfa\"><img loading=\"lazy\" decoding=\"async\" width=\"736\" height=\"698\" src=\"https:\/\/lacarapace.com\/wp-content\/uploads\/2025\/05\/carte_bellenaves-3.png\" alt=\"\" class=\"wp-image-947\" srcset=\"https:\/\/lacarapace.com\/wp-content\/uploads\/2025\/05\/carte_bellenaves-3.png 736w, https:\/\/lacarapace.com\/wp-content\/uploads\/2025\/05\/carte_bellenaves-3-300x285.png 300w\" sizes=\"auto, (max-width: 736px) 100vw, 736px\" \/><\/figure>\n","protected":false},"excerpt":{"rendered":"<p>La Carapace se encuentra en Bellenaves (03140), al sureste del departament de Allier, una magn\u00edfica ciudad de 1000 habitantes, situada en la l\u00ednea ferroviaria Montlu\u00e7on-Clermont-Ferrand. Y s\u00ed&#8230; aunque tardaremos unos 20 minutos a pie, como la estaci\u00f3n de tren de Bellenaves no est\u00e1 en el centro, \u00a1podemos llegar a La Carapace en tren! Bellenaves cuenta [&hellip;]<\/p>\n","protected":false},"author":1,"featured_media":0,"parent":0,"menu_order":0,"comment_status":"closed","ping_status":"closed","template":"","meta":{"footnotes":""},"class_list":["post-1096","page","type-page","status-publish","hentry"],"_links":{"self":[{"href":"https:\/\/lacarapace.com\/index.php?rest_route=\/wp\/v2\/pages\/1096","targetHints":{"allow":["GET"]}}],"collection":[{"href":"https:\/\/lacarapace.com\/index.php?rest_route=\/wp\/v2\/pages"}],"about":[{"href":"https:\/\/lacarapace.com\/index.php?rest_route=\/wp\/v2\/types\/page"}],"author":[{"embeddable":true,"href":"https:\/\/lacarapace.com\/index.php?rest_route=\/wp\/v2\/users\/1"}],"replies":[{"embeddable":true,"href":"https:\/\/lacarapace.com\/index.php?rest_route=%2Fwp%2Fv2%2Fcomments&post=1096"}],"version-history":[{"count":2,"href":"https:\/\/lacarapace.com\/index.php?rest_route=\/wp\/v2\/pages\/1096\/revisions"}],"predecessor-version":[{"id":1135,"href":"https:\/\/lacarapace.com\/index.php?rest_route=\/wp\/v2\/pages\/1096\/revisions\/1135"}],"wp:attachment":[{"href":"https:\/\/lacarapace.com\/index.php?rest_route=%2Fwp%2Fv2%2Fmedia&parent=1096"}],"curies":[{"name":"wp","href":"https:\/\/api.w.org\/{rel}","templated":true}]}}